 remainder when 30289 is divided by 7506.
265
Calculate the remainder when 19362 is divided by 246.
174
What is the remainder when 22366 is divided by 5591?
2
What is the remainder when 7389 is divided by 1060?
1029
What is the remainder when 213669 is divided by 58?
55
What is the remainder when 18922 is divided by 216?
130
Calculate the remainder when 3175 is divided by 3126.
49
Calculate the remainder when 410506 is divided by 567.
565
What is the remainder when 11768 is divided by 734?
24
What is the remainder when 165818 is divided by 78?
68
What is the remainder when 97982 is divided by 400?
382
Calculate the remainder when 614094 is divided by 9595.
14
What is the remainder when 19906 is divided by 390?
16
What is the remainder when 362386 is divided by 302?
288
What is the remainder when 5337 is divided by 450?
387
Calculate the remainder when 8536 is divided by 1064.
24
What is the remainder when 1917472 is divided by 175?
172
Calculate the remainder when 3963 is divided by 399.
372
Calculate the remainder when 25428 is divided by 8476.
0
What is the remainder when 3984525 is divided by 12?
9
What is the remainder when 157459 is divided by 24?
19
Calculate the remainder when 2244 is divided by 6.
0
Calculate the remainder when 1952 is divided by 57.
14
What is the remainder when 53111 is divided by 17690?
41
What is the remainder when 7281 is divided by 1474?
1385
Calculate the remainder when 1925 is divided by 641.
2
What is the remainder when 272158 is divided by 945?
943
What is the remainder when 124080 is divided by 7?
5
Calculate the remainder when 2281 is divided by 393.
316
What is the remainder when 25567 is divided by 188?
187
Calculate the remainder when 40016 is divided by 101.
20
What is the remainder when 3969 is divided by 147?
0
What is the remainder when 29173 is divided by 68?
1
What is the remainder when 1764 is divided by 159?
15
What is the remainder when 4320 is divided by 39?
30
Calculate the remainder when 11027 is divided by 1826.
71
Calculate the remainder when 6512 is divided by 39.
38
Calculate the remainder when 5022 is divided by 732.
630
What is the remainder when 276672 is divided by 92211?
39
What is the remainder when 51730 is divided by 136?
50
What is the remainder when 6290 is divided by 5?
0
What is the remainder when 1381 is divided by 48?
37
What is the remainder when 6629277 is divided by 336?
333
What is the remainder when 12743 is divided by 4102?
437
Calculate the remainder when 6754 is divided by 294.
286
Calculate the remainder when 4508 is divided by 2095.
318
Calculate the remainder when 130309 is divided by 104.
101
Calculate the remainder when 4687 is divided by 23.
18
Calculate the remainder when 4633 is divided by 97.
74
What is the remainder when 315468 is divided by 2976?
12
What is the remainder when 2549646 is divided by 849882?
0
What is the remainder when 3457 is divided by 229?
22
What is the remainder when 70474 is divided by 719?
12
Calculate the remainder when 105 is divided by 12.
9
Calculate the remainder when 23180 is divided by 23165.
15
Calculate the remainder when 9172 is divided by 2291.
8
Calculate the remainder when 6956 is divided by 32.
12
What is the remainder when 81358 is divided by 113?
111
Calculate the remainder when 11020 is divided by 480.
460
Calculate the remainder when 1971 is divided by 389.
26
What is the remainder when 720514 is divided by 240162?
28
What is the remainder when 10932 is divided by 13?
12
What is the remainder when 30357 is divided by 127?
4
What is the remainder when 132117 is divided by 154?
139
Calculate the remainder when 368437 is divided by 305.
302
Calculate the remainder when 8880 is divided by 4437.
6
Calculate the remainder when 846 is divided by 130.
66
What is the remainder when 372604 is divided by 16936?
12
What is the remainder when 15734 is divided by 65?
4
Calculate the remainder when 405 is divided by 122.
39
What is the remainder when 215010 is divided by 1000?
10
Calculate the remainder when 140057 is divided by 109.
101
Calculate the remainder when 2649 is divided by 25.
24
Calculate the remainder when 2537 is divided by 2496.
41
Calculate the remainder when 21175 is divided by 275.
0
Calculate the remainder when 21396 is divided by 909.
489
What is the remainder when 2686 is divided by 1238?
210
Calculate the remainder when 3175 is divided by 993.
196
Calculate the remainder when 341 is divided by 294.
47
What is the remainder when 10671 is divided by 5304?
63
Calculate the remainder when 499994 is divided by 615.
614
Calculate the remainder when 16839 is divided by 255.
9
What is the remainder when 27780 is divided by 59?
50
Calculate the remainder when 8481 is divided by 771.
0
What is the remainder when 12790 is divided by 2116?
94
Calculate the remainder when 8832 is divided by 1999.
836
What is the remainder when 53709 is divided by 82?
81
What is the remainder when 6754682 is divided by 1443?
1442
Calculate the remainder when 16219 is divided by 1386.
973
What is the remainder when 11420 is divided by 5558?
304
What is the remainder when 116 is divided by 14?
4
What is the remainder when 650625 is divided by 93?
90
Calculate the remainder when 1359 is divided by 231.
204
Calculate the remainder when 3343 is divided by 199.
159
What is the remainder when 49457 is divided by 295?
192
Calculate the remainder when 9692377 is divided by 58.
55
What is the remainder when 636 is divided by 73?
52
Calculate the remainder when 85038 is divided by 1418.
1376
Calculate the remainder when 2717 is divided by 770.
407
What is the remainder when 70800 is divided by 68?
12
Calculate the remainder when 2489 is divided by 920.
649
What is the remainder when 3242978 is divided by 267?
263
Calculate the remainder when 2670578 is divided by 29.
26
Calculate the remainder when 180115 is divided by 60036.
7
What is the remainder when 24206 is divided by 16?
14
What is the remainder when 83966 is divided by 903?
890
What is the remainder when 3523 is divided by 394?
371
Calculate the remainder when 2819 is divided by 2819.
0
Calculate the remainder when 5131 is divided by 256.
11
Calculate the remainder when 1139375 is divided by 24.
23
Calculate the remainder when 363090 is divided by 40.
10
What is the remainder when 384 is divided by 213?
171
What is the remainder when 106836 is divided by 159?
147
What is the remainder when 519582 is divided by 173190?
12
What is the remainder when 32273 is divided by 24?
17
What is the remainder when 19038 is divided by 866?
852
What is the remainder when 6235 is divided by 2075?
10
Calculate the remainder when 1524972 is divided by 508312.
36
What is the remainder when 2038 is divided by 1899?
139
What is the remainder when 40417 is divided by 877?
75
Calculate the remainder when 1492 is divided by 180.
52
What is the remainder when 104902 is divided by 219?
1
Calculate the remainder when 148460 is divided by 49486.
2
What is the remainder when 169 is divided by 8?
1
What is the remainder when 6909 is divided by 1667?
241
Calculate the remainder when 11485 is divided by 442.
435
Calculate the remainder when 482 is divided by 119.
6
Calculate the remainder when 6242 is divided by 215.
7
What is the remainder when 305 is divided by 266?
39
What is the remainder when 74050 is divided by 11?
9
Calculate the remainder when 32536 is divided by 85.
66
Calculate the remainder when 41884 is divided by 224.
220
What is the remainder when 7850423 is divided by 11?
9
Calculate the remainder when 67323 is divided by 1820.
1803
Calculate the remainder when 9604 is divided by 310.
304
What is the remainder when 2672562 is divided by 668140?
2
What is the remainder when 2891 is divided by 220?
31
Calculate the remainder when 756423 is divided by 942.
939
What is the remainder when 74903 is divided by 261?
257
What is the remainder when 25219 is divided by 664?
651
Calculate the remainder when 168769 is divided by 574.
13
Calculate the remainder when 922 is divided by 157.
137
Calculate the remainder when 91791 is divided by 225.
216
Calculate the remainder when 1451 is divided by 665.
121
Calculate the remainder when 273 is divided by 139.
134
Calculate the remainder when 11482 is divided by 3376.
1354